{"id":264,"date":"2025-07-26T19:12:33","date_gmt":"2025-07-26T19:12:33","guid":{"rendered":"https:\/\/www.kocaizmirli.com.tr\/?page_id=264"},"modified":"2026-04-12T15:56:45","modified_gmt":"2026-04-12T15:56:45","slug":"diplomalar","status":"publish","type":"page","link":"https:\/\/www.kocaizmirli.com.tr\/?page_id=264","title":{"rendered":"Diplomalar"},"content":{"rendered":"\n<p>&#8211; <em>Dr. Mustafa Kocaizmirli&#8217;nin diploma koleksiyonundan..<\/em><\/p>\n\n\n<div class=\"wp-block-image is-style-default\">\n<figure class=\"aligncenter size-large\"><img loading=\"lazy\" decoding=\"async\" width=\"1024\" height=\"711\" src=\"https:\/\/www.kocaizmirli.com.tr\/wp-content\/uploads\/2025\/09\/PHD-SA-sa-copy-1024x711.jpg\" alt=\"\" class=\"wp-image-1164\" srcset=\"https:\/\/www.kocaizmirli.com.tr\/wp-content\/uploads\/2025\/09\/PHD-SA-sa-copy-1024x711.jpg 1024w, https:\/\/www.kocaizmirli.com.tr\/wp-content\/uploads\/2025\/09\/PHD-SA-sa-copy-300x208.jpg 300w, https:\/\/www.kocaizmirli.com.tr\/wp-content\/uploads\/2025\/09\/PHD-SA-sa-copy-768x533.jpg 768w, https:\/\/www.kocaizmirli.com.tr\/wp-content\/uploads\/2025\/09\/PHD-SA-sa-copy-432x300.jpg 432w, https:\/\/www.kocaizmirli.com.tr\/wp-content\/uploads\/2025\/09\/PHD-SA-sa-copy.jpg 1293w\" sizes=\"auto, (max-width: 1024px) 100vw, 1024px\" \/><figcaption class=\"wp-element-caption\"><strong>\u0130slam Ekonomisi ve Finans Doktora Diplomas\u0131 -11<\/strong><br><em>PHD &#8211; Doctor of Philosophy, Tez Konusu: &#8220;Elektronik Para Sistemlerinin \u0130slam Ekonomisi Y\u00f6n\u00fcnden Analizi ve Kripto Paralar \u00dczerine Bir De\u011ferlendirme: Bitcoin \u00d6rne\u011fi&#8221; <\/em><\/figcaption><\/figure>\n<\/div>\n\n<div class=\"wp-block-image is-style-default\">\n<figure class=\"aligncenter size-full\"><img loading=\"lazy\" decoding=\"async\" width=\"1508\" height=\"1054\" src=\"https:\/\/www.kocaizmirli.com.tr\/wp-content\/uploads\/2025\/08\/BM-S-SS-sa.jpg\" alt=\"\" class=\"wp-image-873\" srcset=\"https:\/\/www.kocaizmirli.com.tr\/wp-content\/uploads\/2025\/08\/BM-S-SS-sa.jpg 1508w, https:\/\/www.kocaizmirli.com.tr\/wp-content\/uploads\/2025\/08\/BM-S-SS-sa-300x210.jpg 300w, https:\/\/www.kocaizmirli.com.tr\/wp-content\/uploads\/2025\/08\/BM-S-SS-sa-1024x716.jpg 1024w, https:\/\/www.kocaizmirli.com.tr\/wp-content\/uploads\/2025\/08\/BM-S-SS-sa-768x537.jpg 768w, https:\/\/www.kocaizmirli.com.tr\/wp-content\/uploads\/2025\/08\/BM-S-SS-sa-429x300.jpg 429w\" sizes=\"auto, (max-width: 1508px) 100vw, 1508px\" \/><figcaption class=\"wp-element-caption\"><strong>Bilgisayar M\u00fchendisli\u011fi Y\u00fcksek Lisans Diplomas\u0131  &#8211; 10<\/strong><br><em>M.Eng &#8211; Master of Engineering, (MSc) Tez\/Proje Konusu: &#8220;Elektronik Kripto Para Birimleri&#8221;<\/em><\/figcaption><\/figure>\n<\/div>\n\n<div class=\"wp-block-image\">\n<figure class=\"aligncenter size-large\"><img loading=\"lazy\" decoding=\"async\" width=\"1024\" height=\"715\" src=\"https:\/\/www.kocaizmirli.com.tr\/wp-content\/uploads\/2025\/08\/Isl-YL-S1-1024x715.jpg\" alt=\"\" class=\"wp-image-745\" srcset=\"https:\/\/www.kocaizmirli.com.tr\/wp-content\/uploads\/2025\/08\/Isl-YL-S1-1024x715.jpg 1024w, https:\/\/www.kocaizmirli.com.tr\/wp-content\/uploads\/2025\/08\/Isl-YL-S1-300x209.jpg 300w, https:\/\/www.kocaizmirli.com.tr\/wp-content\/uploads\/2025\/08\/Isl-YL-S1-768x536.jpg 768w, https:\/\/www.kocaizmirli.com.tr\/wp-content\/uploads\/2025\/08\/Isl-YL-S1-1536x1072.jpg 1536w, https:\/\/www.kocaizmirli.com.tr\/wp-content\/uploads\/2025\/08\/Isl-YL-S1-2048x1430.jpg 2048w, https:\/\/www.kocaizmirli.com.tr\/wp-content\/uploads\/2025\/08\/Isl-YL-S1-430x300.jpg 430w\" sizes=\"auto, (max-width: 1024px) 100vw, 1024px\" \/><figcaption class=\"wp-element-caption\"><strong>\u0130\u015fletme Y\u00fcksek Lisans Diplomas\u0131  &#8211; 9<\/strong><br><em>MBA &#8211; Master of Business Administration, Master of Arts, Tez\/Proje Konusu: &#8220;Kriz Y\u00f6netimi&#8221;<\/em><\/figcaption><\/figure>\n<\/div>\n\n<div class=\"wp-block-image\">\n<figure class=\"aligncenter size-full\"><img loading=\"lazy\" decoding=\"async\" width=\"2560\" height=\"1797\" src=\"https:\/\/www.kocaizmirli.com.tr\/wp-content\/uploads\/2025\/08\/Sosyoloji-S1-1-scaled.jpg\" alt=\"\" class=\"wp-image-878\" srcset=\"https:\/\/www.kocaizmirli.com.tr\/wp-content\/uploads\/2025\/08\/Sosyoloji-S1-1-scaled.jpg 2560w, https:\/\/www.kocaizmirli.com.tr\/wp-content\/uploads\/2025\/08\/Sosyoloji-S1-1-300x211.jpg 300w, https:\/\/www.kocaizmirli.com.tr\/wp-content\/uploads\/2025\/08\/Sosyoloji-S1-1-1024x719.jpg 1024w, https:\/\/www.kocaizmirli.com.tr\/wp-content\/uploads\/2025\/08\/Sosyoloji-S1-1-768x539.jpg 768w, https:\/\/www.kocaizmirli.com.tr\/wp-content\/uploads\/2025\/08\/Sosyoloji-S1-1-1536x1078.jpg 1536w, https:\/\/www.kocaizmirli.com.tr\/wp-content\/uploads\/2025\/08\/Sosyoloji-S1-1-2048x1438.jpg 2048w, https:\/\/www.kocaizmirli.com.tr\/wp-content\/uploads\/2025\/08\/Sosyoloji-S1-1-427x300.jpg 427w\" sizes=\"auto, (max-width: 2560px) 100vw, 2560px\" \/><figcaption class=\"wp-element-caption\"><strong>Sosyoloji Lisans Diplomas\u0131 <\/strong><em>(Bachelor&#8217;s Degree)<\/em><strong> &#8211; 8<\/strong><\/figcaption><\/figure>\n<\/div>\n\n<div class=\"wp-block-image\">\n<figure class=\"aligncenter size-large\"><img loading=\"lazy\" decoding=\"async\" width=\"1024\" height=\"729\" src=\"https:\/\/www.kocaizmirli.com.tr\/wp-content\/uploads\/2025\/08\/KY-S1-1-1024x729.jpg\" alt=\"\" class=\"wp-image-751\" srcset=\"https:\/\/www.kocaizmirli.com.tr\/wp-content\/uploads\/2025\/08\/KY-S1-1-1024x729.jpg 1024w, https:\/\/www.kocaizmirli.com.tr\/wp-content\/uploads\/2025\/08\/KY-S1-1-300x214.jpg 300w, https:\/\/www.kocaizmirli.com.tr\/wp-content\/uploads\/2025\/08\/KY-S1-1-768x547.jpg 768w, https:\/\/www.kocaizmirli.com.tr\/wp-content\/uploads\/2025\/08\/KY-S1-1-1536x1093.jpg 1536w, https:\/\/www.kocaizmirli.com.tr\/wp-content\/uploads\/2025\/08\/KY-S1-1-421x300.jpg 421w, https:\/\/www.kocaizmirli.com.tr\/wp-content\/uploads\/2025\/08\/KY-S1-1.jpg 1600w\" sizes=\"auto, (max-width: 1024px) 100vw, 1024px\" \/><figcaption class=\"wp-element-caption\"><strong>Kamu Y\u00f6netimi Lisans Diplomas\u0131 <\/strong><em>(Bachelor&#8217;s Degree)<\/em><strong> &#8211; 7<\/strong><\/figcaption><\/figure>\n<\/div>\n\n<div class=\"wp-block-image\">\n<figure class=\"aligncenter size-large\"><img loading=\"lazy\" decoding=\"async\" width=\"1024\" height=\"714\" src=\"https:\/\/www.kocaizmirli.com.tr\/wp-content\/uploads\/2025\/08\/Ilahiyat-S1-1-1024x714.png\" alt=\"\" class=\"wp-image-752\" srcset=\"https:\/\/www.kocaizmirli.com.tr\/wp-content\/uploads\/2025\/08\/Ilahiyat-S1-1-1024x714.png 1024w, https:\/\/www.kocaizmirli.com.tr\/wp-content\/uploads\/2025\/08\/Ilahiyat-S1-1-300x209.png 300w, https:\/\/www.kocaizmirli.com.tr\/wp-content\/uploads\/2025\/08\/Ilahiyat-S1-1-768x536.png 768w, https:\/\/www.kocaizmirli.com.tr\/wp-content\/uploads\/2025\/08\/Ilahiyat-S1-1-430x300.png 430w, https:\/\/www.kocaizmirli.com.tr\/wp-content\/uploads\/2025\/08\/Ilahiyat-S1-1.png 1227w\" sizes=\"auto, (max-width: 1024px) 100vw, 1024px\" \/><figcaption class=\"wp-element-caption\"><strong>\u0130lahiyat <\/strong>(\u0130slami \u0130limler)<strong> Diplomas\u0131 -6<\/strong><\/figcaption><\/figure>\n<\/div>\n\n<div class=\"wp-block-image\">\n<figure class=\"aligncenter size-large\"><img loading=\"lazy\" decoding=\"async\" width=\"1024\" height=\"719\" src=\"https:\/\/www.kocaizmirli.com.tr\/wp-content\/uploads\/2025\/08\/ADALT-S1-1024x719.jpg\" alt=\"\" class=\"wp-image-754\" srcset=\"https:\/\/www.kocaizmirli.com.tr\/wp-content\/uploads\/2025\/08\/ADALT-S1-1024x719.jpg 1024w, https:\/\/www.kocaizmirli.com.tr\/wp-content\/uploads\/2025\/08\/ADALT-S1-300x211.jpg 300w, https:\/\/www.kocaizmirli.com.tr\/wp-content\/uploads\/2025\/08\/ADALT-S1-768x539.jpg 768w, https:\/\/www.kocaizmirli.com.tr\/wp-content\/uploads\/2025\/08\/ADALT-S1-1536x1078.jpg 1536w, https:\/\/www.kocaizmirli.com.tr\/wp-content\/uploads\/2025\/08\/ADALT-S1-427x300.jpg 427w, https:\/\/www.kocaizmirli.com.tr\/wp-content\/uploads\/2025\/08\/ADALT-S1.jpg 1600w\" sizes=\"auto, (max-width: 1024px) 100vw, 1024px\" \/><figcaption class=\"wp-element-caption\"><strong>Adalet<\/strong> (Hukuk)<strong> Diplomas\u0131 -5<\/strong><\/figcaption><\/figure>\n<\/div>\n\n<div class=\"wp-block-image\">\n<figure class=\"aligncenter size-large\"><img loading=\"lazy\" decoding=\"async\" width=\"1024\" height=\"721\" src=\"https:\/\/www.kocaizmirli.com.tr\/wp-content\/uploads\/2025\/08\/BilgisayarProgramciligi-S1-1024x721.png\" alt=\"\" class=\"wp-image-775\" srcset=\"https:\/\/www.kocaizmirli.com.tr\/wp-content\/uploads\/2025\/08\/BilgisayarProgramciligi-S1-1024x721.png 1024w, https:\/\/www.kocaizmirli.com.tr\/wp-content\/uploads\/2025\/08\/BilgisayarProgramciligi-S1-300x211.png 300w, https:\/\/www.kocaizmirli.com.tr\/wp-content\/uploads\/2025\/08\/BilgisayarProgramciligi-S1-768x540.png 768w, https:\/\/www.kocaizmirli.com.tr\/wp-content\/uploads\/2025\/08\/BilgisayarProgramciligi-S1-1536x1081.png 1536w, https:\/\/www.kocaizmirli.com.tr\/wp-content\/uploads\/2025\/08\/BilgisayarProgramciligi-S1-426x300.png 426w, https:\/\/www.kocaizmirli.com.tr\/wp-content\/uploads\/2025\/08\/BilgisayarProgramciligi-S1.png 1600w\" sizes=\"auto, (max-width: 1024px) 100vw, 1024px\" \/><figcaption class=\"wp-element-caption\"><strong>Bilgisayar Programc\u0131l\u0131\u011f\u0131 Diplomas\u0131 -4<\/strong><\/figcaption><\/figure>\n<\/div>\n\n<div class=\"wp-block-image\">\n<figure class=\"aligncenter size-large\"><img loading=\"lazy\" decoding=\"async\" width=\"1024\" height=\"725\" src=\"https:\/\/www.kocaizmirli.com.tr\/wp-content\/uploads\/2025\/08\/ISG-S1-1024x725.jpg\" alt=\"\" class=\"wp-image-757\" srcset=\"https:\/\/www.kocaizmirli.com.tr\/wp-content\/uploads\/2025\/08\/ISG-S1-1024x725.jpg 1024w, https:\/\/www.kocaizmirli.com.tr\/wp-content\/uploads\/2025\/08\/ISG-S1-300x212.jpg 300w, https:\/\/www.kocaizmirli.com.tr\/wp-content\/uploads\/2025\/08\/ISG-S1-768x544.jpg 768w, https:\/\/www.kocaizmirli.com.tr\/wp-content\/uploads\/2025\/08\/ISG-S1-1536x1088.jpg 1536w, https:\/\/www.kocaizmirli.com.tr\/wp-content\/uploads\/2025\/08\/ISG-S1-2048x1450.jpg 2048w, https:\/\/www.kocaizmirli.com.tr\/wp-content\/uploads\/2025\/08\/ISG-S1-424x300.jpg 424w\" sizes=\"auto, (max-width: 1024px) 100vw, 1024px\" \/><figcaption class=\"wp-element-caption\"><strong>\u0130\u015f Sa\u011fl\u0131\u011f\u0131 ve G\u00fcvenli\u011fi Diplomas\u0131 -3<\/strong><\/figcaption><\/figure>\n<\/div>\n\n<div class=\"wp-block-image\">\n<figure class=\"aligncenter size-large\"><img loading=\"lazy\" decoding=\"async\" width=\"1024\" height=\"730\" src=\"https:\/\/www.kocaizmirli.com.tr\/wp-content\/uploads\/2026\/04\/YERELYON-S1-1024x730.jpg\" alt=\"\" class=\"wp-image-1555\" srcset=\"https:\/\/www.kocaizmirli.com.tr\/wp-content\/uploads\/2026\/04\/YERELYON-S1-1024x730.jpg 1024w, https:\/\/www.kocaizmirli.com.tr\/wp-content\/uploads\/2026\/04\/YERELYON-S1-300x214.jpg 300w, https:\/\/www.kocaizmirli.com.tr\/wp-content\/uploads\/2026\/04\/YERELYON-S1-768x548.jpg 768w, https:\/\/www.kocaizmirli.com.tr\/wp-content\/uploads\/2026\/04\/YERELYON-S1-421x300.jpg 421w, https:\/\/www.kocaizmirli.com.tr\/wp-content\/uploads\/2026\/04\/YERELYON-S1.jpg 1251w\" sizes=\"auto, (max-width: 1024px) 100vw, 1024px\" \/><figcaption class=\"wp-element-caption\"><strong>Yerel Y\u00f6netimler Diplomas\u0131 -2<\/strong><\/figcaption><\/figure>\n<\/div>\n\n<div class=\"wp-block-image\">\n<figure class=\"aligncenter size-full\"><img loading=\"lazy\" decoding=\"async\" width=\"1316\" height=\"904\" src=\"https:\/\/www.kocaizmirli.com.tr\/wp-content\/uploads\/2026\/03\/IMG-20250818-WA0023-fk11-csx2.jpg\" alt=\"\" class=\"wp-image-1547\" srcset=\"https:\/\/www.kocaizmirli.com.tr\/wp-content\/uploads\/2026\/03\/IMG-20250818-WA0023-fk11-csx2.jpg 1316w, https:\/\/www.kocaizmirli.com.tr\/wp-content\/uploads\/2026\/03\/IMG-20250818-WA0023-fk11-csx2-300x206.jpg 300w, https:\/\/www.kocaizmirli.com.tr\/wp-content\/uploads\/2026\/03\/IMG-20250818-WA0023-fk11-csx2-1024x703.jpg 1024w, https:\/\/www.kocaizmirli.com.tr\/wp-content\/uploads\/2026\/03\/IMG-20250818-WA0023-fk11-csx2-768x528.jpg 768w, https:\/\/www.kocaizmirli.com.tr\/wp-content\/uploads\/2026\/03\/IMG-20250818-WA0023-fk11-csx2-437x300.jpg 437w\" sizes=\"auto, (max-width: 1316px) 100vw, 1316px\" \/><figcaption class=\"wp-element-caption\"><strong>Kontrol Sistemleri Teknolojisi <\/strong>(Mekatronik)<strong> Diplomas\u0131 -1<\/strong><\/figcaption><\/figure>\n<\/div>\n\n<div class=\"wp-block-image\">\n<figure class=\"aligncenter size-large\"><img loading=\"lazy\" decoding=\"async\" width=\"1024\" height=\"716\" src=\"https:\/\/www.kocaizmirli.com.tr\/wp-content\/uploads\/2025\/08\/krt-dplm-S1-1024x716.jpg\" alt=\"\" class=\"wp-image-764\" srcset=\"https:\/\/www.kocaizmirli.com.tr\/wp-content\/uploads\/2025\/08\/krt-dplm-S1-1024x716.jpg 1024w, https:\/\/www.kocaizmirli.com.tr\/wp-content\/uploads\/2025\/08\/krt-dplm-S1-300x210.jpg 300w, https:\/\/www.kocaizmirli.com.tr\/wp-content\/uploads\/2025\/08\/krt-dplm-S1-768x537.jpg 768w, https:\/\/www.kocaizmirli.com.tr\/wp-content\/uploads\/2025\/08\/krt-dplm-S1-1536x1074.jpg 1536w, https:\/\/www.kocaizmirli.com.tr\/wp-content\/uploads\/2025\/08\/krt-dplm-S1-429x300.jpg 429w, https:\/\/www.kocaizmirli.com.tr\/wp-content\/uploads\/2025\/08\/krt-dplm-S1.jpg 1600w\" sizes=\"auto, (max-width: 1024px) 100vw, 1024px\" \/><figcaption class=\"wp-element-caption\"><strong>Karate Siyah Ku\u015fak 1.Dan Diplomas\u0131<\/strong> (TKF &#8211; T\u00fcrkiye Karate Federasyonu)<\/figcaption><\/figure>\n<\/div>\n\n\n<figure class=\"wp-block-image size-large\"><img loading=\"lazy\" decoding=\"async\" width=\"1024\" height=\"727\" src=\"https:\/\/www.kocaizmirli.com.tr\/wp-content\/uploads\/2025\/07\/yob-ataof-1024x727.png\" alt=\"\" class=\"wp-image-370\" srcset=\"https:\/\/www.kocaizmirli.com.tr\/wp-content\/uploads\/2025\/07\/yob-ataof-1024x727.png 1024w, https:\/\/www.kocaizmirli.com.tr\/wp-content\/uploads\/2025\/07\/yob-ataof-300x213.png 300w, https:\/\/www.kocaizmirli.com.tr\/wp-content\/uploads\/2025\/07\/yob-ataof-768x545.png 768w, https:\/\/www.kocaizmirli.com.tr\/wp-content\/uploads\/2025\/07\/yob-ataof-423x300.png 423w, https:\/\/www.kocaizmirli.com.tr\/wp-content\/uploads\/2025\/07\/yob-ataof.png 1240w\" sizes=\"auto, (max-width: 1024px) 100vw, 1024px\" \/><\/figure>\n\n\n\n<figure class=\"wp-block-image size-large\"><img loading=\"lazy\" decoding=\"async\" width=\"1024\" height=\"744\" src=\"https:\/\/www.kocaizmirli.com.tr\/wp-content\/uploads\/2025\/07\/1-1024x744.jpg\" alt=\"\" class=\"wp-image-438\" srcset=\"https:\/\/www.kocaizmirli.com.tr\/wp-content\/uploads\/2025\/07\/1-1024x744.jpg 1024w, https:\/\/www.kocaizmirli.com.tr\/wp-content\/uploads\/2025\/07\/1-300x218.jpg 300w, https:\/\/www.kocaizmirli.com.tr\/wp-content\/uploads\/2025\/07\/1-768x558.jpg 768w, https:\/\/www.kocaizmirli.com.tr\/wp-content\/uploads\/2025\/07\/1-1536x1116.jpg 1536w, https:\/\/www.kocaizmirli.com.tr\/wp-content\/uploads\/2025\/07\/1-413x300.jpg 413w, https:\/\/www.kocaizmirli.com.tr\/wp-content\/uploads\/2025\/07\/1.jpg 1600w\" sizes=\"auto, (max-width: 1024px) 100vw, 1024px\" \/><\/figure>\n\n\n\n<figure class=\"wp-block-image size-large\"><img loading=\"lazy\" decoding=\"async\" width=\"1024\" height=\"717\" src=\"https:\/\/www.kocaizmirli.com.tr\/wp-content\/uploads\/2025\/08\/yob2-1024x717.png\" alt=\"\" class=\"wp-image-566\" srcset=\"https:\/\/www.kocaizmirli.com.tr\/wp-content\/uploads\/2025\/08\/yob2-1024x717.png 1024w, https:\/\/www.kocaizmirli.com.tr\/wp-content\/uploads\/2025\/08\/yob2-300x210.png 300w, https:\/\/www.kocaizmirli.com.tr\/wp-content\/uploads\/2025\/08\/yob2-768x537.png 768w, https:\/\/www.kocaizmirli.com.tr\/wp-content\/uploads\/2025\/08\/yob2-429x300.png 429w, https:\/\/www.kocaizmirli.com.tr\/wp-content\/uploads\/2025\/08\/yob2.png 1249w\" sizes=\"auto, (max-width: 1024px) 100vw, 1024px\" \/><\/figure>\n\n\n\n<figure class=\"wp-block-image size-large\"><img loading=\"lazy\" decoding=\"async\" width=\"1024\" height=\"724\" src=\"https:\/\/www.kocaizmirli.com.tr\/wp-content\/uploads\/2025\/07\/2020-OnurBelgesi-1024x724.png\" alt=\"\" class=\"wp-image-313\" srcset=\"https:\/\/www.kocaizmirli.com.tr\/wp-content\/uploads\/2025\/07\/2020-OnurBelgesi-1024x724.png 1024w, https:\/\/www.kocaizmirli.com.tr\/wp-content\/uploads\/2025\/07\/2020-OnurBelgesi-300x212.png 300w, https:\/\/www.kocaizmirli.com.tr\/wp-content\/uploads\/2025\/07\/2020-OnurBelgesi-768x543.png 768w, https:\/\/www.kocaizmirli.com.tr\/wp-content\/uploads\/2025\/07\/2020-OnurBelgesi-424x300.png 424w, https:\/\/www.kocaizmirli.com.tr\/wp-content\/uploads\/2025\/07\/2020-OnurBelgesi.png 1219w\" sizes=\"auto, (max-width: 1024px) 100vw, 1024px\" \/><\/figure>\n\n\n\n<p><\/p>\n\n\n\n<figure class=\"wp-block-image size-large\"><img loading=\"lazy\" decoding=\"async\" width=\"1024\" height=\"723\" src=\"https:\/\/www.kocaizmirli.com.tr\/wp-content\/uploads\/2026\/04\/tmt-onurbelgesi-1024x723.jpg\" alt=\"\" class=\"wp-image-1553\" srcset=\"https:\/\/www.kocaizmirli.com.tr\/wp-content\/uploads\/2026\/04\/tmt-onurbelgesi-1024x723.jpg 1024w, https:\/\/www.kocaizmirli.com.tr\/wp-content\/uploads\/2026\/04\/tmt-onurbelgesi-300x212.jpg 300w, https:\/\/www.kocaizmirli.com.tr\/wp-content\/uploads\/2026\/04\/tmt-onurbelgesi-768x542.jpg 768w, https:\/\/www.kocaizmirli.com.tr\/wp-content\/uploads\/2026\/04\/tmt-onurbelgesi-425x300.jpg 425w, https:\/\/www.kocaizmirli.com.tr\/wp-content\/uploads\/2026\/04\/tmt-onurbelgesi.jpg 1249w\" sizes=\"auto, (max-width: 1024px) 100vw, 1024px\" \/><\/figure>\n\n\n\n<p class=\"has-text-align-center\"><br><\/p>\n\n\n\n<p class=\"has-text-align-center\"><\/p>\n\n\n\n<p><\/p>\n","protected":false},"excerpt":{"rendered":"<p>&#8211; Dr. Mustafa Kocaizmirli&#8217;nin diploma koleksiyonundan..<\/p>\n","protected":false},"author":1,"featured_media":0,"parent":0,"menu_order":0,"comment_status":"closed","ping_status":"closed","template":"","meta":{"footnotes":"[]"},"class_list":["post-264","page","type-page","status-publish","hentry"],"_links":{"self":[{"href":"https:\/\/www.kocaizmirli.com.tr\/index.php?rest_route=\/wp\/v2\/pages\/264","targetHints":{"allow":["GET"]}}],"collection":[{"href":"https:\/\/www.kocaizmirli.com.tr\/index.php?rest_route=\/wp\/v2\/pages"}],"about":[{"href":"https:\/\/www.kocaizmirli.com.tr\/index.php?rest_route=\/wp\/v2\/types\/page"}],"author":[{"embeddable":true,"href":"https:\/\/www.kocaizmirli.com.tr\/index.php?rest_route=\/wp\/v2\/users\/1"}],"replies":[{"embeddable":true,"href":"https:\/\/www.kocaizmirli.com.tr\/index.php?rest_route=%2Fwp%2Fv2%2Fcomments&post=264"}],"version-history":[{"count":0,"href":"https:\/\/www.kocaizmirli.com.tr\/index.php?rest_route=\/wp\/v2\/pages\/264\/revisions"}],"wp:attachment":[{"href":"https:\/\/www.kocaizmirli.com.tr\/index.php?rest_route=%2Fwp%2Fv2%2Fmedia&parent=264"}],"curies":[{"name":"wp","href":"https:\/\/api.w.org\/{rel}","templated":true}]}}