{"id":536,"date":"2025-08-04T15:56:37","date_gmt":"2025-08-04T15:56:37","guid":{"rendered":"https:\/\/www.kocaizmirli.com.tr\/?page_id=536"},"modified":"2025-09-07T18:51:01","modified_gmt":"2025-09-07T18:51:01","slug":"sevdigim-sozler","status":"publish","type":"page","link":"https:\/\/www.kocaizmirli.com.tr\/?page_id=536","title":{"rendered":"Sevdi\u011fim S\u00f6zler :"},"content":{"rendered":"\n<p class=\"has-text-align-left\"><strong>Seni, senin gibiler sevsin.. <\/strong><br><strong>Sen senin gibilerin eline d\u00fc\u015fesin..<\/strong><br>Bu s\u00f6zler kimine duad\u0131r, kimine ise beddua..<br>&#8212; o &#8212;<\/p>\n\n\n\n<p class=\"has-text-align-left\"><strong>Alim, cahili hemen tan\u0131r, \u00e7\u00fcnk\u00fc oda daha \u00f6nceden cahildi, <\/strong><br><strong>Cahil alimi tan\u0131yamaz, \u00e7\u00fcnk\u00fc o daha \u00f6nceden alim de\u011fildi..<\/strong> <br>Hz. Ali R.A.<br>&#8212; o &#8212;<\/p>\n\n\n\n<p class=\"has-text-align-left\"><strong>\u0130nsanlar\u0131n ge\u00e7mi\u015f g\u00fcnah\u0131ndan haberiniz olabilir <\/strong><br><strong>Ama \u015fimdiki tevbesinden haberiniz olmayabilir!<\/strong><br>Hazreti Ali R.A.<\/p>\n\n\n\n<p class=\"has-text-align-left\">&#8212; o &#8212;<\/p>\n\n\n\n<p class=\"has-text-align-left\"><strong>Helal kazan, helal ye de, <\/strong><br><strong>\u0130stersen sabahlara kadar yat uyu..<\/strong><br>Erzurumlu \u0130brahim Hakk\u0131 Hazretleri r.a.<\/p>\n\n\n\n<p>&#8212; o &#8212;<\/p>\n\n\n\n<p class=\"has-text-align-left\">Makyaj\u0131na ve y\u00fcz\u00fcndeki boyalar\u0131na g\u00fcvenme.<br>Yollar da g\u00fczeldir ama alt\u0131ndan kanalizasyon ge\u00e7er. <br><br>Sinema Repli\u011fi, (Tony Montana-Scarface)<\/p>\n\n\n\n<p class=\"has-text-align-left\">&#8212; o &#8212;<\/p>\n\n\n\n<p class=\"has-text-align-center\"><br><br><\/p>\n\n\n\n<p><\/p>\n","protected":false},"excerpt":{"rendered":"<p>Seni, senin gibiler sevsin.. Sen senin gibilerin eline d\u00fc\u015fesin..Bu s\u00f6zler kimine duad\u0131r, kimine ise beddua..&#8212; o &#8212; Alim, cahili hemen tan\u0131r, \u00e7\u00fcnk\u00fc oda daha \u00f6nceden cahildi, Cahil alimi tan\u0131yamaz, \u00e7\u00fcnk\u00fc o daha \u00f6nceden alim de\u011fildi.. Hz. Ali R.A.&#8212; o &#8212; &hellip; <a href=\"https:\/\/www.kocaizmirli.com.tr\/?page_id=536\">Okumaya devam et <span class=\"meta-nav\">&rarr;<\/span><\/a><\/p>\n","protected":false},"author":1,"featured_media":0,"parent":0,"menu_order":0,"comment_status":"closed","ping_status":"closed","template":"","meta":{"footnotes":""},"class_list":["post-536","page","type-page","status-publish","hentry"],"_links":{"self":[{"href":"https:\/\/www.kocaizmirli.com.tr\/index.php?rest_route=\/wp\/v2\/pages\/536","targetHints":{"allow":["GET"]}}],"collection":[{"href":"https:\/\/www.kocaizmirli.com.tr\/index.php?rest_route=\/wp\/v2\/pages"}],"about":[{"href":"https:\/\/www.kocaizmirli.com.tr\/index.php?rest_route=\/wp\/v2\/types\/page"}],"author":[{"embeddable":true,"href":"https:\/\/www.kocaizmirli.com.tr\/index.php?rest_route=\/wp\/v2\/users\/1"}],"replies":[{"embeddable":true,"href":"https:\/\/www.kocaizmirli.com.tr\/index.php?rest_route=%2Fwp%2Fv2%2Fcomments&post=536"}],"version-history":[{"count":0,"href":"https:\/\/www.kocaizmirli.com.tr\/index.php?rest_route=\/wp\/v2\/pages\/536\/revisions"}],"wp:attachment":[{"href":"https:\/\/www.kocaizmirli.com.tr\/index.php?rest_route=%2Fwp%2Fv2%2Fmedia&parent=536"}],"curies":[{"name":"wp","href":"https:\/\/api.w.org\/{rel}","templated":true}]}}